f 2391438?
1
What is the tens digit of 1424854?
5
What is the ten thousands digit of 10982679?
8
What is the ten thousands digit of 15634?
1
What is the hundreds digit of 77426?
4
What is the units digit of 1047743?
3
What is the ten thousands digit of 24100037?
0
What is the thousands digit of 24659968?
9
What is the millions digit of 2007365?
2
What is the units digit of 102946?
6
What is the units digit of 357913?
3
What is the ten thousands digit of 926406?
2
What is the hundred thousands digit of 363614?
3
What is the hundreds digit of 2763225?
2
What is the tens digit of 289789?
8
What is the hundreds digit of 4716838?
8
What is the thousands digit of 173994?
3
What is the thousands digit of 8132614?
2
What is the thousands digit of 343444?
3
What is the hundred thousands digit of 345280?
3
What is the millions digit of 1291239?
1
What is the hundred thousands digit of 1213056?
2
What is the hundred thousands digit of 798449?
7
What is the units digit of 133302?
2
What is the tens digit of 13770016?
1
What is the ten thousands digit of 2568335?
6
What is the thousands digit of 933840?
3
What is the millions digit of 13678559?
3
What is the hundreds digit of 116656?
6
What is the millions digit of 8055775?
8
What is the ten millions digit of 16655956?
1
What is the tens digit of 2965110?
1
What is the ten thousands digit of 14937616?
3
What is the tens digit of 479000?
0
What is the hundreds digit of 40888099?
0
What is the tens digit of 88902?
0
What is the units digit of 136481?
1
What is the thousands digit of 280396?
0
What is the units digit of 34411?
1
What is the millions digit of 1346395?
1
What is the units digit of 1580092?
2
What is the units digit of 4420740?
0
What is the millions digit of 21501342?
1
What is the hundreds digit of 187149?
1
What is the ten thousands digit of 178775?
7
What is the tens digit of 1915418?
1
What is the units digit of 7791729?
9
What is the tens digit of 14635925?
2
What is the units digit of 9299287?
7
What is the tens digit of 246037?
3
What is the thousands digit of 189386?
9
What is the ten thousands digit of 19061329?
6
What is the millions digit of 5878433?
5
What is the ten thousands digit of 372798?
7
What is the tens digit of 3605723?
2
What is the tens digit of 3557858?
5
What is the hundreds digit of 7685?
6
What is the hundred thousands digit of 588404?
5
What is the millions digit of 28526563?
8
What is the ten millions digit of 14163716?
1
What is the tens digit of 485221?
2
What is the thousands digit of 199380?
9
What is the thousands digit of 2170194?
0
What is the units digit of 17126876?
6
What is the units digit of 1912?
2
What is the units digit of 249236?
6
What is the hundreds digit of 46081?
0
What is the hundreds digit of 117783?
7
What is the hundred thousands digit of 316842?
3
What is the hundreds digit of 11949154?
1
What is the ten thousands digit of 816747?
1
What is the tens digit of 17249499?
9
What is the millions digit of 2403427?
2
What is the hundreds digit of 1414423?
4
What is the hundreds digit of 5113385?
3
What is the ten thousands digit of 76670?
7
What is the hundred thousands digit of 1028774?
0
What is the hundred thousands digit of 210475?
2
What is the units digit of 194487?
7
What is the units digit of 3215800?
0
What is the hundreds digit of 1493896?
8
What is the tens digit of 3133929?
2
What is the hundreds digit of 474289?
2
What is the ten thousands digit of 392759?
9
What is the thousands digit of 807650?
7
What is the ten thousands digit of 406545?
0
What is the hundreds digit of 1182868?
8
What is the hundreds digit of 115618?
6
What is the tens digit of 3997326?
2
What is the units digit of 386559?
9
What is the tens digit of 8171683?
8
What is the tens digit of 1444545?
4
What is the tens digit of 141013?
1
What is the ten thousands digit of 35990?
3
What is the tens digit of 932513?
1
What is the millions digit of 4554882?
4
What is the hundreds digit of 329611?
6
What is the units digit of 138292?
2
What is the hundreds digit of 1570972?
9
What is the tens digit of 15195244?
4
What is the thousands digit of 24781933?
1
What is the tens digit of 393506?
0
What is the tens digit of 869518?
1
What is the hundred thousands digit of 164304?
1
What is the ten thousands digit of 86962?
8
What is the ten thousands digit of 816196?
1
What is the units digit of 4838744?
4
What is the ten thousands digit of 524373?
2
What is the tens digit of 212198?
9
What is the millions digit of 3608141?
3
What is the tens digit of 400277?
7
What is the thousands digit of 260435?
0
What is the ten thousands digit of 425115?
2
What is the millions digit of 4464270?
4
What is the hundreds digit of 7056174?
1
What is the thousands digit of 73410?
3
What is the thousands digit of 28906914?
6
What is the hundreds digit of 1312900?
9
What is the thousands digit of 60971?
0
What is the hundred thousands digit of 517317?
5
What is the tens digit of 25651514?
1
What is the hundred thousands digit of 1516771?
5
What is the hundred thousands digit of 14502590?
5
What is the millions digit of 4013906?
4
What is the tens digit of 447732?
3
What is the tens digit of 4362910?
1
What is the thousands digit of 3537756?
7
What is the millions digit of 3649064?
3
What is the ten thousands digit of 4206772?
0
What is the hundred thousands digit of 4899568?
8
What is the hundred thousands digit of 3746768?
7
What is the ten thousands digit of 191898?
9
What is the ten thousands digit of 38520673?
2
What is the units digit of 192788?
8
What is the tens digit of 2245448?
4
What is the ten thousands digit of 260370?
6
What is the hundreds digit of 1224562?
5
What is the millions digit of 1803702?
1
What is the ten thousands digit of 128068?
2
What is the tens digit of 725430?
3
What is the units digit of 3127138?
8
What is the hundreds digit of 664874?
8
What is the units digit of 14060243?
3
What is the millions digit of 6930481?
6
What is the tens digit of 7207205?
0
What is the tens digit of 2134043?
4
What is the hundreds digit of 29022056?
0
What is the hundred thousands digit of 3866911?
8
What is the hundred thousands digit of 4157280?
1
What is the ten thousands digit of 47132?
4
What is the hundred thousands digit of 497337?
4
What is the units digit of 150141?
1
What is the ten thousands digit of 8304985?
0
What is the thousands digit of 1307483?
7
What is the hundred thousands digit of 464634?
4
What is the ten thousands digit of 316455?
1
What is the hundreds digit of 608093?
0
What is the units digit of 898479?
9
What is the ten thousands digit of 1675409?
7
What is the units digit of 697871?
1
What is the ten thousands digit of 70549?
7
What is the units digit of 102577?
7
What is the thousands digit of 773168?
3
What is the tens digit of 553008?
0
What is the thousands digit of 115721?
5
What is the hundreds digit of 1599094?
0
What is the thousands digit of 106249?
6
What is the thousands digit of 11665288?
5
What is the ten thousands digit of 976590?
7
What is the tens digit of 5652554?
5
What is the hundreds digit of 2578386?
3
What is the ten millions digit of 17581550?
1
What is the thousands digit of 1475030?
5
What is the thousands digit of 155454?
5
What is the ten thousands digit of 15921036?
2
What is the thousands digit of 102216?
2
What is the units digit of 146824?
4
What is the thousands digit of 275238?
5
What is the units digit of 3134647?
7
What is the ten thousands digit of 23263128?
6
What is the thousands digit of 3304616?
4
What is the thousands digit of 12296882?
6
What is the tens digit of 3946534?
3
What is the units digit of 943756?
6
What is the thousands digit of 1717281?
7
What is the hundreds digit of 1763293?
2
What is the units digit of 1405902?
2
What is the hundreds digit of 307761?
7
What is the ten thousands digit of 6111247?
1
What is the units digit of 3870689?
9
What is the millions digit of 19653358?
9
What is the millions digit of 6964215?
6
What is the thousands digit of 228886?
8
What is the hundreds digit of 5643595?
5
What is the hundreds digit of 6249899?
8
What is the units digit of 178227?
7
What is the millions digit of 2213600?
2
What is the tens digit of 350631?
3
What is the ten thousands digit of 18754?
1
What is 